emainder when v(26) is divided by 66?
5
Let p = 7678 + -7576. What is the remainder when 12645 is divided by p?
99
Suppose -5*m - 5*c + 3*c + 62 = 0, -3*c = -4*m + 45. What is the remainder when (16/m)/((-19)/(-18) - 1) is divided by 14?
10
Suppose 2*s + 96 = 2*o - 2*s, 5*o = -5*s + 180. Let j = 30 - o. Let q = j - -37. What is the remainder when 80 is divided by q?
26
Suppose 164*s = -5*y + 159*s + 7405, -5924 = -4*y + 3*s. Calculate the remainder when y is divided by 106.
103
Let s = -159 - -222. Suppose -s = 23*b - 868. Calculate the remainder when 41 is divided by b.
6
Suppose 0 = -5*p - 3*p + 240. Let s = 15 - 12. Suppose 4*f - 42 = -a, s*f = 5*a - 215 - 87. What is the remainder when a is divided by p?
28
Let t(o) = -o**3 - 2*o**2 + 2*o. Suppose 3*r + 2*w - 1134 = 0, 1075 = 5*r - 4*w - 793. Let a = 386 - r. What is the remainder when a is divided by t(-3)?
1
Let n = -37542 + 40097. Calculate the remainder when n is divided by 1273.
9
Suppose -120*f + 124*f - 448 = -5*d, -3*d - 5*f = -274. What is the remainder when d is divided by 20?
8
What is the remainder when (22401/(-12) + 38/152)*(-2 - 0) is divided by 83?
81
Suppose -o - l = -48, 2*o - 5*o + 2*l = -154. Let u = o + 10. Calculate the remainder when u is divided by (-12)/(-186) + 4411/341.
8
Suppose -4*c + 43 - 27 = 0. Suppose -2*x = c*l - 18 - 30, 3*x + l = 67. Calculate the remainder when x is divided by 16.
6
Let j(s) be the second derivative of -s**4/6 + 25*s**3/6 - 25*s**2/2 - s + 2. Suppose 0 = 23*g - 24*g + 141. What is the remainder when g is divided by j(11)?
5
Let w be 2 - ((-3428)/16 + (-1)/(-4)). Suppose -5*j - 46 = -w. Let u = 7 + j. What is the remainder when u is divided by 23?
18
Suppose 0*u + 36 = u - 5*m, 2*u - 128 = -4*m. Let g = 61 - 42. Calculate the remainder when u - 1/4*4 is divided by g.
17
Let s(z) = 46*z - 1155. What is the remainder when s(29) is divided by 75?
29
Let f = -2079 - -2152. What is the remainder when f is divided by 62?
11
Suppose 544 = -3402*j + 3470*j. Suppose 64 = -5*r + 164. Calculate the remainder when r is divided by j.
4
Suppose 950*y - 626010 = 845*y. Calculate the remainder when y is divided by 259.
5
Suppose 9 = 7*f - 5. Suppose -h - 3*h + u = -1022, -3*h + 761 = f*u. Suppose q = v + 51, -q = 4*q + 2*v - h. Calculate the remainder when q is divided by 27.
24
Let p(o) = o**3 + 6*o**2 - 3*o. Let t be p(-6). Let k be 54/t + (-8)/(-1). Calculate the remainder when 34 is divided by (k + -10)*7*1.
6
Suppose -6*h + 1 = -41. What is the remainder when 36 is divided by 2 + (-35)/h - -22?
17
Suppose 13*x = 9*x - 21*x + 2275. Calculate the remainder when 181 is divided by x.
90
Let v(p) be the first derivative of -2*p**4 - 2*p**3/3 + 3*p - 3148. Let s(x) = -x - 2. Let a be s(0). What is the remainder when v(a) is divided by 21?
17
Let u = 1140 + -600. Suppose -30*s = -u - 1710. Calculate the remainder when 217 is divided by s.
67
Let n(w) = -w**3 + 4*w**2 - 3*w + 8. Let k be n(3). Suppose -h + 135 = 413. What is the remainder when (12/(-16))/(-3) - h/k is divided by 12?
11
Let t be -2 - ((-6)/27 + 1200/54). What is the remainder when 86 is divided by 117/4 - (-6)/t?
28
Let p(h) = h**2 + 13*h - 2. Let q be p(0). What is the remainder when q/(-1)*(-1185)/(-30) is divided by 41?
38
Suppose l + 0*l - 152 = -2*t, 4*l = -t + 580. Suppose -2*h - 6*h = -l. Let u = h + -6. What is the remainder when 46 is divided by u?
10
Suppose 0 = -2*r - 2*w + 200, 4*r - 244 - 160 = -5*w. Let x = 138 - r. What is the remainder when x is divided by 29?
13
Suppose -3*z = 3*o - 54 + 6, -20 = -2*z + o. Let t = -192 + 383. Calculate the remainder when t is divided by z.
11
Let b = -3253 - -3554. What is the remainder when b is divided by 93?
22
Suppose -17*j - 34*j = -49452 - 94572. What is the remainder when j is divided by 1405?
14
What is the remainder when 14499/63 - 2/14 is divided by 71 + (-13 - (-10 + -9))?
76
Let x(f) = -5*f - 3. Let k be x(-1). Suppose 1 = -w + 5*p, 0 = -2*w + 2*p + k + 12. Calculate the remainder when (-6 + -382)*(-1)/4 is divided by w.
7
Suppose 32*j = -39*j - 137 + 1415. What is the remainder when 371/3 - 2/(-6) is divided by j?
16
Let c be (-18)/99 + 24/99*9. Suppose 0 = -c*u - 5*u + 609. What is the remainder when u is divided by 11?
10
Let q(z) = 23*z**2 - z + 1. Suppose -13*j + 19*j = 24. Suppose 4*g = -5*c + 45, 5*c + 63 = j*g + 4*c. What is the remainder when q(1) is divided by g?
8
Let f = 5759 - 5745. Calculate the remainder when 20 is divided by f.
6
Calculate the remainder when 108 is divided by (1 + 0 + 1)/(((-169)/(-650))/13).
8
Suppose 0 = 4*h - 352 - 260. Let d = h + 0. Calculate the remainder when d is divided by 22.
21
Let a = 14 + 28. Let g be 5/(-10) - (-690)/(-12). Let l = g + 61. Calculate the remainder when a is divided by l.
0
Let f be (-4)/(-10) - (-4302)/30*-1. Let m = f + 180. What is the remainder when m is divided by -4*2*(-3 - -2)?
5
Let i be (15/5)/(0 + -1). Let x(w) = -w**2 - 5*w - 4. Let v be x(i). Suppose z = 4*y - 10, -z + v*y + 4 = z. What is the remainder when 14 is divided by z?
2
Suppose -26 = 14*t - 404. Let v(q) = q**3 + 16 + 20 - 4 - 26*q**2 - 28*q. What is the remainder when 43 is divided by v(t)?
3
Let d be (-3675)/(-168) + (-2)/(-16). What is the remainder when 43 is divided by (d/6)/(14/42)?
10
Let k = -18 - -19. Let a(c) = 13*c**2 + c. Suppose 216 = -14*d + 18*d. Calculate the remainder when d is divided by a(k).
12
Let y = -31 - -31. Suppose -13 = -7*n + 1. Suppose n*o = -y*o + 44. What is the remainder when 42 is divided by o?
20
Suppose 7*v + 7 = 14. Calculate the remainder when (5 - 2) + v*44 is divided by (-11)/(-33) + 94/6.
15
Suppose -y - 2*p + 3*p = -119, -3*p + 213 = 2*y. Let g = -250 - -249. What is the remainder when y is divided by (25/125)/(g/(-145))?
27
Let w(n) = -2*n**3 + n**2 + 18. Let a be w(0). Suppose -59*o + a = -61*o. Let y = o + 80. What is the remainder when y is divided by 18?
17
Let r = -3996 - -4012. Calculate the remainder when 139 is divided by r.
11
What is the remainder when -1 - 266/(-95) - 5436/(-5) is divided by 4?
1
Let h(j) = -67 + 40*j - 19*j - 18*j. Let i(a) = -4*a - 2. Calculate the remainder when h(26) is divided by i(-2).
5
Let w(q) = -4*q - 5 + 2 + 0. Suppose 6*d + 31 = 181. What is the remainder when d is divided by w(-3)?
7
Suppose -60 = 2*v - 322. What is the remainder when v is divided by (-102)/(-12) + 9 + (-42)/(-28)?
17
Let p = -58 + 62. Suppose -p*m - 135 = -x, -4*x + 3*m + 492 = -74. Calculate the remainder when x is divided by 8.
7
Suppose -164*b + 74*b + 2144 = -82*b. What is the remainder when b is divided by 38?
2
Suppose -4*p + 26 = u, 8*p - 7*p + 214 = 5*u. Suppose -5*r + u = s, r = -2*r - 2*s + 21. Calculate the remainder when 312 is divided by r.
6
Calculate the remainder when 1810 is divided by ((-8)/(-3))/(2184/107289).
107
Suppose -6254 - 962 = -176*l. Suppose 48 = 4*g - 0*b + 2*b, -b = 5*g - 54. Let h = g - -4. What is the remainder when l is divided by h?
13
What is the remainder when 154 is divided by ((-7)/4 + (-12)/(-16))*(-205 - -68)?
17
Suppose -2*v = -6*v - 8, -3*v = -2*y + 46. Let b = -15 + y. Suppose 167 = 6*s + b. Calculate the remainder when s is divided by 15.
12
Let m = -7391 - -7597. Calculate the remainder when m is divided by 177.
29
Let c(k) = k**2 - 16*k + 39. Let n be c(13). Let s(a) = -a**3 - 2*a**2 + a + 34. Let p = -18 + 30. Calculate the remainder when s(n) is divided by p.
10
Let x = -124 - -206. Suppose 8 = -90*h + 94*h. Suppose n = 5*a + 16 - 0, -2 = -h*a. What is the remainder when x is divided by n?
19
Suppose 16*v - 270 = 145 - 95. Let i(g) = g**2 - 5*g + 1. Let p(x) = 2*x + 2. Let j be p(2). What is the remainder when v is divided by i(j)?
6
Let q(f) = -9*f**3 - 2*f**2 - 14*f - 10. What is the remainder when q(-2) is divided by 1/6 + (-202)/(-12)?
14
Suppose -10*t + 198 = 2*o - 5*t, -2*o + 262 = -3*t. What is the remainder when 1283 is divided by o?
93
Suppose -5*f = -z - 93, 0*f - 3*f + 39 = 5*z. Let t(q) = q**2 - q - 61. What is the remainder when t(11) is divided by f?
13
Suppose -121 = -a + 4*m, -18*a + 13*a + 3*m + 588 = 0. Let y = 63 - 23. Suppose -2*r + y = -r. Calculate the remainder when a is divided by r.
37
Let n = 29930 - 29763. Suppose 183 - 13 = 5*v. Calculate the remainder when n is divi